1. Calculate the greatest common factor of 70 and n.
10
Let q(k) = -k + 2. Let m be q(-5). Let c = m + 9. Suppose -10 = 2*r + 3*r - 4*g, 4*g = 20. Calculate the greatest common divisor of r and c.
2
Let a be ((-5)/2)/(2/(-4)). Let f be (-4*1)/(10/(-5)). What is the highest common divisor of f and a?
1
Let s = 79 + -85. Let l(g) be the second derivative of g**4/12 + 2*g**3/3 + 5*g**2/2 - g. Let y be l(s). Calculate the highest common factor of 17 and y.
17
Suppose 11794 = 34*q + 370. Calculate the greatest common factor of q and 120.
24
Let g(n) = -55*n - 326. Let y be g(-6). Let k(x) = -7*x**3 - 2*x**2 + x - 2. Let c be k(-2). Calculate the highest common divisor of y and c.
4
Let q(p) be the second derivative of 2*p**3/3 - 9*p**2/2 - 2*p. Let u be q(3). Let b be ((-3)/u)/((-1)/25). What is the highest common divisor of 75 and b?
25
Let n = -1753 - -1956. What is the greatest common divisor of n and 84?
7
Let a be (-6)/((-4 - -7)*(-2)/212). Calculate the greatest common factor of a and 371.
53
Suppose 2*z + 2*z = 5*o - 143, 12 = 4*z. Let f(q) = -3*q + 10. Let k be f(-7). What is the greatest common factor of o and k?
31
Let h(k) be the second derivative of k**3 - 4*k - 1/12*k**4 + 5*k**2 + 0. Let d be h(7). Calculate the highest common factor of 6 and d.
3
Suppose 3*p = 18 - 3. Suppose 0*w + 30 = p*w. Suppose -3 = 342*s - 343*s. Calculate the greatest common factor of w and s.
3
Suppose -83 + 479 = 9*u. What is the highest common factor of 198 and u?
22
Let x(w) = 7*w - 45. Let i be x(19). Suppose -4*a = o - 0*o - i, 0 = 2*o - 8. What is the highest common factor of a and 28?
7
Let a(r) = r - 2. Let z be -1 - (-12 + 1 + 3). Let d be a(z). Let s = 17 - d. What is the highest common divisor of s and 108?
12
Let v = -233 + 103. Let z = v - -274. Let x(q) = 18*q**2 + 2*q + 2. Let p be x(-1). Calculate the highest common factor of z and p.
18
Suppose -j - 5*j = -6864. Suppose 5*x = 16*x - j. What is the greatest common factor of 8 and x?
8
Suppose g - 77 = -c, -8*g - 154 = -2*c - 4*g. Suppose a + 2*n - 34 = 0, 3*n = -4*a + a + 99. Let q = a + -25. Calculate the highest common factor of c and q.
7
Suppose 61*l = -2*v + 56*l + 82, 4*l = -v + 44. Let f(u) = -u**2 - 3*u + 2. Let k be f(-2). Calculate the highest common divisor of k and v.
4
Suppose -4*t + 34 = -66. Let h(q) = -136*q - 1446. Let o be h(-11). What is the highest common divisor of t and o?
25
Let i be (-102)/(-10) - (-2)/(-10). Let b = -351 + 626. Suppose 2*u + 6 = -4, -3*k = -u - b. What is the highest common divisor of k and i?
10
Let r(g) = g**2 + 3*g - 2. Suppose -j - 2*i = 7, 4*j + 0*i + i = -21. Let h be r(j). What is the greatest common factor of 44 and h?
4
Suppose -2*z = 3 - 13. Suppose z*j - 71 = 59. Calculate the highest common divisor of 4 and j.
2
Let q = -50 + 87. Let i(z) = z**2 + z + 407. Let u be i(0). Calculate the highest common factor of q and u.
37
Let p = 24 - 22. Suppose x + 2*x = -2*o + 1031, 3*o - 1566 = p*x. Let q be o/25*(7 - 2). What is the highest common factor of q and 13?
13
Suppose 8*k = 12*k - 5*q - 144, -144 = -4*k + 4*q. What is the greatest common divisor of k and 12?
12
Let t = 42 - 27. Let k be (-3 + -1 + 2)*9/(-6). Calculate the greatest common divisor of k and t.
3
Let z = -14 - -13. Let i be (-2)/z + 2 + -4. Suppose -129 = -4*t - m, -5*t + i*t + m + 159 = 0. What is the highest common divisor of t and 80?
16
Let u(f) = f + 91. Let b be u(0). Calculate the greatest common factor of b and 364.
91
Let t = -39 + 102. Let l = t + -49. Calculate the highest common divisor of l and 56.
14
Suppose 6*o - o - 4*p - 8 = 0, -5*p = -15. What is the greatest common divisor of 6 and o?
2
Let i(t) = 2*t**2 - 11*t - 248. Let q be i(19). Suppose -h + 3*k + 259 = 4*h, -k + 108 = 2*h. What is the highest common divisor of q and h?
53
Suppose -4*f + 3*h - 15 = 0, -3*f - 2*h - 12 = -2*f. Let l be 12*(3/f - -5). What is the highest common divisor of 90 and l?
18
Suppose -1433 = -2*y + 5*s, 1393 = -79*y + 81*y + 3*s. What is the greatest common factor of y and 8?
8
Let m be (18/(-15))/(10/(-75)). Let u = -7 + m. What is the highest common factor of 8 and u?
2
Suppose -548*x + 1957 = -197*x - 20156. Let p(o) = -o**2 - 7*o + 8. Let b be p(-6). What is the greatest common divisor of b and x?
7
Suppose 2*i = 5*i - 450. Let t be (i/(-8))/(3/(-8)). Suppose 0*g = -2*g + t. Calculate the highest common factor of g and 5.
5
Let h be -1 + -1 + -2 + 301. Let j(o) = -o**3 - 4*o**2 - 6. Let i be j(-5). Let d = i + 8. Calculate the greatest common divisor of h and d.
27
Let c = 36 - 32. Suppose 3*r + c = 7*r. What is the greatest common factor of 2 and r?
1
Let u = -155 - -178. Calculate the highest common divisor of 253 and u.
23
Suppose 2*d + 7 = -1, -78 = -c + 4*d. Calculate the greatest common divisor of c and 310.
62
Let h be (-12)/(-30) + (-11)/(110/(-2436)). Calculate the highest common factor of 4 and h.
4
Let z(o) = -o**3 + 14*o**2 + 11*o - 93. Let f be z(14). Calculate the greatest common divisor of 488 and f.
61
Suppose 1615 = 5*j + 2*o, -305 = -j - 2*o - 2*o. What is the highest common divisor of 65 and j?
65
Let v = 1492 - 1456. Calculate the highest common divisor of v and 48.
12
Suppose -4*g + 2*v = 7*v - 2, 6 = -3*v. Let t be 429/65 + (9/15)/(-1). What is the highest common divisor of t and g?
3
Let i(m) = -m**2 + 17*m + 4. Let y be i(17). Suppose 2*d = y*s + 204, 84 = 2*d + s - 140. Calculate the greatest common factor of 22 and d.
22
Suppose -78*s + 38*s = -6440. Suppose p + p = 46. Calculate the highest common divisor of p and s.
23
Let l(d) = 2*d**2 + 3*d + 4. Suppose -c = c + 44. Let m = c - -19. Let w be l(m). What is the highest common divisor of 13 and w?
13
Let o be (0 - 19)/(8 - 7). Let y = 9 + o. Let n(a) = -a**3 - 10*a**2 - 3*a - 12. Let z be n(y). Calculate the highest common factor of z and 6.
6
Let h be (2 - 0)/(10/(-4785)*-3). Calculate the highest common divisor of 29 and h.
29
Let b(k) = 7*k**3 + 2*k**2 - 2*k. Let t be b(2). Let w be 5*3/(-30)*6. Let l = 12 - w. What is the highest common factor of l and t?
15
Let g = -25 + 11. Let f(u) = -u**3 - 14*u**2 - 4*u - 2. Let t be f(g). Suppose -71 - t = -5*a. Calculate the highest common divisor of a and 5.
5
Let z(w) = -2*w**2 + 9*w + 53. Let s be z(7). What is the greatest common divisor of 450 and s?
18
Suppose 364*f + 5 = 365*f. Calculate the greatest common divisor of f and 15.
5
Let b be 24/14*(-1792)/(-96). What is the greatest common factor of b and 512?
32
Let i(n) = n**2 - 5*n - 4. Suppose 4*o - 3 = 3*y + 5, -3*o + y = -11. Suppose 0 = -o*t + 14 + 21. Let f be i(t). What is the greatest common factor of 90 and f?
10
Suppose -6*z - 214 + 442 = 0. Calculate the greatest common factor of z and 266.
38
Let m be 219/(-584) + 1958/16. Calculate the greatest common divisor of m and 793.
61
Let v(c) = -c**2 + 29*c - 49. Let b be v(2). Calculate the greatest common divisor of 295 and b.
5
Let h = 136 + -109. Suppose 5*j - 40 = 5. Calculate the greatest common factor of j and h.
9
Let k be 11/((-33)/12) + 6. Suppose -5*r + k*r = 9, 0 = 5*f - r - 608. What is the greatest common divisor of f and 11?
11
Let k(m) = -4*m - 50. Let s be k(-14). Suppose s*g = -8*g + 2240. What is the highest common factor of g and 20?
20
Suppose 4*r + g + 25 = 0, -14 = r + g - 4. Let f be (0 + r)/((-105)/42). What is the highest common factor of 10 and f?
2
Let s be (-3 - -7)*(-5)/(-2). What is the greatest common factor of s and 105?
5
Suppose 56*m - 50*m = -24. Let z(p) = 2*p + 2. Let a be z(-2). Let f = a - m. What is the highest common factor of f and 3?
1
Suppose 0 = -23*k + 21*k + u + 665, 4*k - 4*u = 1328. What is the greatest common divisor of k and 18?
9
Suppose 3 + 8 = f. Suppose -f*g + 288 = -7*g. Calculate the highest common divisor of 8 and g.
8
Let t be -35*(231/35 + -7). Let y(r) = -r**3 + 13*r**2 + 8*r - 6. Let w be y(13). Calculate the greatest common factor of w and t.
14
Let c(u) = -u**2 - 38*u + 21. Let w be c(-35). What is the greatest common divisor of 162 and w?
18
Let q(i) = -i**3 - 2*i**2 + 1. Let f be q(-1). Suppose -5*m - 6 + 26 = f. Let v be (-375)/(-6) + 2/m. Calculate the greatest common divisor of v and 7.
7
Let j = -7 + 10. Suppose j*a + 3*h - 52 = -h, -a = 5*h + 1. Calculate the greatest commo